of -1084*(-5)/(-15)*-12?
3
Let f(c) = c**3 - 36*c**2 - 30*c + 60. Let l(s) = s**2 + s. Let o(r) = f(r) + 6*l(r). What is the units digit of o(31)?
7
Let d be 6/(-9)*4092/8 - 3. Let a = d + 994. What is the tens digit of a?
5
Suppose 307*h = 311*h - 156. Suppose 13*w - h*w = -18044. What is the tens digit of w?
9
Let b(p) = 2*p**2 - 1. Let i(v) = -41*v**2 + 20*v + 53. Let a(h) = -2*b(h) - i(h). What is the units digit of a(-3)?
2
Let z = -645 + 649. Suppose 2*b - 3384 = -2*i, -8*i = -z*i - 12. What is the hundreds digit of b?
6
Suppose -4*y + 7*k - 9*k + 2452 = 0, -2*k = -4*y + 2460. Suppose -213 = -y*g + 613*g. What is the tens digit of g?
1
What is the tens digit of 29331540/2625 - 4/(-50)?
7
Let l(h) = -262*h**3 + 12*h**2 + 6*h + 2. What is the tens digit of l(-2)?
3
Suppose z - 8*z + 91 = 0. Suppose -3561 - 1509 = -z*m. Suppose -415 = -5*b + m. What is the units digit of b?
1
What is the units digit of 6*18/(-30)*1*25180/(-8)?
1
Let y be 0 - (-126)/(3 + 0). Let i be ((-3)/(-6))/(2 - 81/y). Suppose 0 = i*q + q - 696. What is the units digit of q?
7
Let k(s) = 12*s - 42 + 26*s**2 - 7*s**2 - 15*s + 9 - 17 - s**3. What is the hundreds digit of k(17)?
4
Let h(s) = -37 + 61 + 37 + 3*s**2 + 0*s**2 + 23*s. What is the tens digit of h(-18)?
1
Suppose -4*r = 0, -3*f + 7 = -5*r + 1. Suppose 5*l = 0, -f*l = 5*y + 2*l. What is the units digit of 156 + y - 5/(-5)?
7
Suppose -107*w + 117*w = 14340. Let s = 2406 - w. What is the units digit of s?
2
Suppose 8*l = 29*l + 672. What is the units digit of 604*(-4*26/l - 2)?
5
Let z = 46 + -42. Let c be (-18)/8 - -2 - 63/z. What is the tens digit of (360/c)/((-1)/6)?
3
Let f(z) be the third derivative of 11*z**6/120 - z**5/60 - z**4/3 + 8*z**3/3 + 13*z**2. Let x be f(-7). What is the tens digit of (-4)/(-22) + x/(-66)?
5
Let v be (1/3)/((-1)/12*4). What is the tens digit of -6*v/(-36) - (-3265)/6?
4
Suppose -6*d + 4*d = 2*j - 96830, -4*d = -j - 193635. What is the tens digit of d?
1
Let o(c) = c + 12. Let v be o(9). Let q be (-629)/(-7) + 3/v. Suppose -z + y + q = 0, 2*y = 4 + 6. What is the tens digit of z?
9
Suppose 0 = -14*l + 18*l + 576. Let t = 115 - l. Suppose -3*o + t = -32. What is the tens digit of o?
9
Let m = 55 + -51. Suppose x + m = 0, -3*a + 763 = -3*x + 1. What is the tens digit of a?
5
Suppose -10*l + 62220 = -214525 - 2405. What is the ten thousands digit of l?
2
Suppose 30944 = 20*y - 2*y - 2*y. What is the units digit of y?
4
Let d(b) = 42*b + 11540. What is the thousands digit of d(-119)?
6
Let t be -1*5 - 13/(-1). Let z(i) = i**3 - 3*i**2 + 2*i - 9. Let g be z(t). Let a = 510 - g. What is the tens digit of a?
8
Let s be (-17 - -6)*36/(-33). Suppose -s*d - 3*d = -11505. What is the hundreds digit of d?
7
Let h = -75632 + 124395. What is the units digit of h?
3
Let l(b) = -b**3 + 13*b**2 - 5*b - 14. Let q = 135 + -49. Let a = q + -76. What is the hundreds digit of l(a)?
2
Let a = -32935 + 49906. What is the tens digit of a?
7
Let v(p) = p**3 + 20*p**2 + 3*p + 27. Let g be v(-18). Suppose 7435 + g = 8*z. Suppose 0 = -10*f + 733 + z. What is the tens digit of f?
7
Let y(r) = 19*r - 133. Let w(k) = 7*k - 66. Let f(m) = -5*w(m) + 2*y(m). What is the units digit of f(-19)?
7
Suppose t + 4 = 0, -11*q - 4*t = -10*q - 5832. What is the hundreds digit of q?
8
Suppose -224900 = 2*w - 17*w - 5*w. What is the thousands digit of w?
1
Suppose 0 = -5*y + 2*s + 351, 5*y - 4*s = -6*s + 359. Suppose -4*w = 3*t - y, -w + 2*t = t - 23. Suppose 0 = w*a - 19*a - 9. What is the units digit of a?
9
Let x(d) = 690*d**2 - 6*d + 5. Let v be x(1). Let l = -398 + v. What is the hundreds digit of l?
2
Let b(j) = -j**2 + 19*j - 12. Let q be b(16). Let n = q + 4. Suppose 0 = -2*t + 2*x - 4*x, 0 = -5*t + 5*x + n. What is the units digit of t?
4
Let v(r) = -r**2 + 4*r. Let j be v(3). Suppose 0 = q - j*f + 8, 4*f = -5*q - 0*f + 55. What is the units digit of q?
7
Let m(g) = 877*g - 35. Let k be m(12). Suppose 3*q = 8*q + 5*u - 17540, 3*q - 4*u - k = 0. Suppose 10*l - q = -1123. What is the units digit of l?
8
Let b = -804 - -1422. Let j = 1137 - b. What is the hundreds digit of j?
5
Let w = 6297 - -3231. What is the units digit of w?
8
Let v(y) = 6*y - 44. Let j be (-12)/(-16) + 125/20. Let l be v(j). What is the units digit of -1 + 130 - 27/(-18)*l?
6
Suppose 68*v + 421854 = 141*v - 67*v. What is the units digit of v?
9
Suppose -4*r - 34 = 62. What is the tens digit of (-7796)/(-16) + r/(-32)?
8
Let g be 4*((-3912)/32 + -6). Let k = 832 - g. What is the units digit of k?
5
Let q = 5933 - 4196. What is the hundreds digit of q?
7
Let a(q) = -q**3 + 7*q**2 - 4*q + 7. Let k(b) be the second derivative of b**3/6 + 15*b**2/2 - 45*b. Let y be k(-9). What is the tens digit of a(y)?
1
What is the thousands digit of 6/756*14 + (-388986)/(-27)?
4
What is the ten thousands digit of 177/2478 - 919014/(-28)?
3
Let g = -5602 + 13568. What is the hundreds digit of g?
9
Let g(y) = -4 - 49*y + 31*y + 0 + 9*y. Suppose 7*c + 12 = 3*c. What is the tens digit of g(c)?
2
Let s(f) = f**3 - 3*f**2 + 2*f - 3. Let d(v) = 2*v**3 - 12*v**2 - 2*v + 6. Let t be d(6). Let a = t + 9. What is the units digit of s(a)?
3
Suppose 0 = -m - 6*m + 14. Suppose m*d + 30 - 28 = 0. What is the units digit of (d/(-2))/((-2)/(-664))?
6
Let r be -1*(0 - (-1)/1). Let m(d) be the first derivative of -37*d**2 + d + 1070. What is the tens digit of m(r)?
7
Let v = -226 - -231. What is the units digit of 40/100 + 238/v?
8
Suppose -3*l - 6*j + 3*j - 12 = 0, 0 = -3*l + 2*j + 8. Suppose 2*g - 5*g - 366 = l. What is the units digit of (3/(-2))/(3/g)?
1
Let f(x) = -5*x**2 + 3*x - 7. Let p be f(8). Let u = -158 - p. What is the hundreds digit of u?
1
Suppose -5*f = 3 - 13. Suppose 4*s - 96 = -f*s. Suppose 3*t - 149 = -2*a, -s = -2*a - 2*a. What is the tens digit of t?
4
Let d(h) = 3056*h - 1306. What is the hundreds digit of d(6)?
0
Suppose 2*p - 39*o = -42*o + 89120, 0 = -p + 9*o + 44560. What is the ten thousands digit of p?
4
Suppose -16*z = 17*z + 5*z + 152. Let m be (6/4)/(6/232). Let u = z + m. What is the tens digit of u?
5
Let k(c) = c + 35. Let v be k(-29). Suppose -171 - 405 = v*m. What is the units digit of (62 - 0)*-2*72/m?
3
Let z(v) = 4*v + 34. Let l be z(-11). What is the units digit of (-420)/l*(13/3 - 1)?
0
Let h = 226 + -85. Let v(a) = -7*a - 93. Let b be v(-17). Let y = h + b. What is the tens digit of y?
6
Suppose k - 20 = -4*k. Suppose -5*t + 1633 = -k*f, t - 7*f - 321 = -9*f. What is the hundreds digit of t?
3
Let w = 2515 + -1157. Suppose 4*j - 78 = w. What is the tens digit of j?
5
Suppose 4*g + 5*r = 50 - 13, -5*g + 5 = -2*r. Suppose 0 = -2*t - g*z + 61 - 0, t - 17 = 3*z. Suppose 159 + t = 5*a. What is the tens digit of a?
3
Let c(r) = 27*r - 156. Let z be c(16). Let f = 1272 + z. What is the units digit of f?
8
Let p(m) = -m**3 - 75*m**2 + 2*m + 278. What is the ten thousands digit of p(-77)?
1
Let g be (3/(-2))/(-3)*0/(-2). Suppose g = -3*w + 15, -w = -5*d + w. Suppose a + d*a = 216. What is the tens digit of a?
7
Suppose 4 = 4*i, 3*c = -10*i + 9*i + 3352. Suppose 8*h = -c + 9061. What is the units digit of h?
3
Let w = 130 - 151. What is the tens digit of (-6314)/w + 1/3?
0
Let x = -54 - -23. Let v = -31 - x. Suppose p - 3*m = 137, -5*p + v*m + 695 = -5*m. What is the hundreds digit of p?
1
Let h(p) = -p**2 + 13*p - 24. Let y be h(10). Let l(x) = 12*x**2 + 18*x - 29. What is the hundreds digit of l(y)?
5
Suppose -63932 = -g - 5*v, 5*g + 1338*v - 1334*v = 319765. What is the tens digit of g?
5
Let g be 5*(-309)/(-7 - -4). Suppose 0 = 2*b + 4 - 18. Suppose b*f - g = 2*f. What is the hundreds digit of f?
1
Let f be (-6)/(4 - 3) - -2. Let b(d) = -6*d**3 + 2*d**2 + 12*d + 9. What is the units digit of b(f)?
7
Suppose 0 = 20*p + 17 - 117. Suppose 2*v = p*b - 0*v - 440, -2*v = -2*b + 170. What is the units digit of b?
0
Let l = 1303 + 175. What is the thousands digit of l?
1
Suppose -2*v - 2 = 2*k, -5*k = -3*k - 2. What is the tens digit of 433 + 25/10*v?
2
Let x = 26 + -130. Let z = x + 198. What is the units digit of z?
4
Suppose 3*m = -4*t - 14, -4*t + 3 = 4*m - 3*t. Let z(b) = 5*b**2 - 3*b**2 + 32 - 2*b**2 + m*b**2 + 28*b. What is the units digit of z(-15)?
2
Suppose -8 = -730*l + 731*l. What is the thousands digit of (l*16/(-10))/((-6)/(-555))?
1
Suppose